{"id":7526,"date":"2013-10-10T15:34:19","date_gmt":"2013-10-10T13:34:19","guid":{"rendered":"http:\/\/organum.hr\/?page_id=7526"},"modified":"2022-06-22T20:26:23","modified_gmt":"2022-06-22T18:26:23","slug":"kkk","status":"publish","type":"page","link":"https:\/\/organum.hr\/index.php\/kkk\/","title":{"rendered":"Linkovi na videa"},"content":{"rendered":"<p><meta http-equiv=\"Content-Type\" content=\"text\/html; charset=utf-8\" \/><br \/>\n<meta name=\"keywords\" content=\"organum,sebenico,koncerti\" \/><br \/>\n<object width=\"600\" height=\"100\" classid=\"clsid:d27cdb6e-ae6d-11cf-96b8-444553540000\"  \n\n codebase=\"http:\/\/download.macromedia.com\/pub\/shockwave\/cabs\/flash\/swflash.cab#version=6,0,40,0\" bgcolor=\"#FFFFFF\"><param name=\"quality\"  \n\n value=\"high\" \/><param name=\"wmode\" value=\"window\" \/><param name=\"menu\" value=\"false\" \/><param name=\"flashvars\" value=\"\" \/><param  \n\n name=\"src\" value=\"https:\/\/organum.hr\/wp-content\/uploads\/2013\/10\/kon.swf\" \/><embed width=\"600\" height=\"100\" type=\"application\/x-shockwave-flash\"  \n\n src=\"https:\/\/organum.hr\/wp-content\/uploads\/2013\/10\/kon.swf\" quality=\"high\" wmode=\"window\" menu=\"false\" flashvars=\"\" bgcolor=\"#FFFFFF\" \/><\/object><\/p>\n<style type=\"text\/css\"><!--\nbody { \tmargin: 0; \tpadding: 0; \tfont-family: Arial, Helvetica, sans-serif; \tfont-size: 12px; \tcolor: #787878; } h1, h2, h3 { \tmargin: 0; \t\n\npadding: 0; \tfont-family: Georgia, \"Times New Roman\", Times, serif; \tfont-weight: normal; \tcolor: #181818; } h1 { \tfont-size: 2em; \n\n} h2 { \tfont-size: 1.8em; } h3 { \tfont-size: 1.6em; } p, ul, ol { \tmargin-top: 0; \tline-height: 180%; } ul, ol { } a { \ttext-decoration: none; \t\n\ncolor: #B94E0E; } a:hover { } #wrapper { \tmargin: 0 auto; \tpadding: 0; \tbackground-image: url(); \tbackground-repeat: repeat-x; \t\n\nbackground-position: left top; } \/* Header *\/ #header-wrapper { } #header { \twidth: 960px; \theight: 240px; \tmargin: 0 auto; \t\n\nbackground-image: url(); \tbackground-repeat: no-repeat; \tbackground-position: left top; } \/* Logo *\/ #logo { \tfloat: left; \theight: 240px; \t\n\nmargin: 0; \tpadding: 0px; \tcolor: #FFFFFF; } #logo h1, #logo p { \tmargin: 0; \tpadding: 0; } #logo h1 { \tfloat: left; \tpadding-left: \n\n25px; \tletter-spacing: -1px; \ttext-transform: lowercase; \tfont-size: 2.6em; } #logo p { \tfloat: left; \tmargin: 0; \tpadding: 12px 0 0 10px; \t\n\nfont: normal 14px Georgia, \"Times New Roman\", Times, serif; \tfont-style: italic; }  #logo a { \tborder: none; \tbackground: none; \t\n\ntext-decoration: none; \tcolor: #FFFFFF; } \/* Search *\/ #search { \tfloat: right; \twidth: 279px; \theight: 110px; \tpadding: 0; } \n\n#search form { \theight: 41px; \tmargin: 0; \tpadding: 10px 0 0 30px; } #search fieldset { \tmargin: 0; \tpadding: 0; \t\n\nborder: none; } #search-text { \twidth: 195px; \tpadding: 6px 10px; \tborder: 1px #4C4842 solid; \tbackground: none; \ttext-transform: \n\nlowercase; \tfont: normal 11px Arial, Helvetica, sans-serif; \tcolor: #808080; } #search-submit { \tdisplay: none; } \/* Menu *\/ #menu { \t\n\nwidth: 960px; \theight: 40px; \tmargin: 0 auto; \tpadding: 0; \tbackground-image: \n\nurl(https:\/\/organum.hr\/wp-content\/uploads\/2013\/07\/img03.jpg); \tbackground-repeat: repeat-x; \tbackground-position: left top; } #menu ul { \t\n\nmargin: 0; \tpadding: 0px 0px 0px 25px; \tlist-style: none; \tline-height: normal; } #menu li { \tfloat: left; } #menu a { \tdisplay: block; \t\n\nheight: 18px; \tmargin-right: 3px; \tpadding: 12px 40px 0px 40px; \ttext-decoration: none; \tfont-family: Arial, Helvetica, sans-serif; \t\n\nfont-size: 12px; \tfont-weight: normal; \tcolor: #FFFFFF; \tborder: none; \tbackground-image: \n\nurl(https:\/\/organum.hr\/wp-content\/uploads\/2013\/07\/img06.jpg); \tbackground-repeat: no-repeat; \tbackground-position: right 10px; } #menu \n\na:hover, #menu .current_page_item a { } #menu .current_page_item a { \tpadding-left: 0; } #menu a:hover { \ttext-decoration: underline; } \/* \n\nPage *\/ #page { \twidth: 960px; \tmargin: 0 auto; \tpadding: 0; \tbackground-repeat: repeat-y; \tbackground-position: left top; } #page-bgtop { \n\n} #page-bgbtm { \tpadding: 30px 20px 0px 20px; } \/* Content *\/ #content { \tfloat: left; \twidth: 640px; \tpadding: 0; } .post { } .post .title { \t\n\nheight: 38px; \tpadding: 12px 0 0 20px; \tletter-spacing: -.5px; \tcolor: #181818; } .post .title a { \tcolor: #181818; \tborder: none; } \n\n.post .meta { \tmargin-top: -10px; \tpadding-bottom: 5px; \tpadding-left: 20px; \ttext-align: left; \tfont-family: Arial, Helvetica, sans-serif; \t\n\nfont-size: 11px; \tfont-style: italic; } .post .meta a { } .post .entry { \ttext-align: justify; \tmargin-bottom: 25px; \tpadding: 30px 20px 10px 20px; } \n\n.links { \tdisplay: block; \twidth: 130px; \tmargin: 20px 0px; \tpadding: 5px; \tbackground: #A03128; \tborder-left: 20px solid #1B120B; \t\n\ntext-align: center; \ttext-transform: uppercase; \tfont-size: 10px; \tcolor: #FFFFFF; } \/* Sidebar *\/ #sidebar { \tfloat: right; \twidth: 250px; \t\n\npadding: 10px 0px 0px 0px; \tcolor: #787878; background: #EEE7DF; } #sidebar ul { \tmargin: 0; \tpadding: 0; \tlist-style: none; \n\nbackground: #EEE7DF;} #sidebar li { \tmargin: 0; \tpadding: 0;   background: #EEE7DF;} #sidebar li ul { \tmargin: 0px 15px; \t\n\npadding-bottom: 30px;   background: #EEE7DF; } #sidebar li li { \tline-height: 35px; \tborder-bottom: 1px dashed #D1D1D1; \tpadding-left: 15px; } \n\n#sidebar li li span { \tdisplay: block; \tmargin-top: -20px; \tpadding: 0; \tfont-size: 11px; \tfont-style: italic; } #sidebar h2 { \theight: 38px; \t\n\npadding: 12px 0 0 15px; \tletter-spacing: -.5px; \tcolor: #181818; } #sidebar p { \tmargin: 0 0px; \tpadding: 0px 20px 20px 20px; \t\n\ntext-align: justify; } #sidebar a { \tborder: none; \tcolor: #B94E0E; } #sidebar a:hover { \ttext-decoration: underline; } \/* Calendar *\/ #calendar { } \n\n#calendar_wrap { \tpadding: 20px; } #calendar table { \twidth: 100%; } #calendar tbody td { \ttext-align: center; } #calendar #next { \ttext-align: right; \n\n} \/* Footer *\/ #footer-wrapper { \twidth: 100%; \tbackground: #231202; } #footer { \twidth: 960px; \theight: 100px; \tmargin: 0 auto; \n\n\tpadding: 0px 0 15px 0; \tfont-family: Arial, Helvetica, sans-serif; \tbackground-image: \n\nurl(https:\/\/organum.hr\/wp-content\/uploads\/2013\/07\/img01.jpg); \tbackground-repeat: repeat-x; \tbackground-position: left top; } #footer p { \t\n\nmargin: 0; \tpadding-top: 40px; \tline-height: normal; \tfont-size: 9px; \ttext-transform: uppercase; \ttext-align: center; \tcolor: #D78983; } #footer \n\na { \tcolor: #FFDBD9; } --><\/p>\n<p>--><\/p>\n<p>--><\/style>\n<p><!-- end #header --><\/p>\n<div id=\"menu\"><\/div>\n<p><!-- end #menu --><\/p>\n<div id=\"page\">\n<div id=\"page-bgtop\">\n<div id=\"page-bgbtm\">\n<div id=\"content\">\n<div class=\"post\">\n<h2 class=\"title\"><a name=\"100\"><\/a><span style=\"color: #003300;\"><em><strong> Koncerti 2018.<\/strong><\/em><\/span><\/h2>\n<div class=\"entry\">\n<a name=\"77\"><\/a><\/p>\n<h5 class=\"toggle\"><a href=\"#\">Zadarski komorni ansambl, 5.8. 2018., Crkva Sv.Duha<\/a><\/h5>\n<div class=\"toggle-content\">\n<div class=\"block\"><iframe loading=\"lazy\" width=\"100%\" height=\"450\" scrolling=\"no\" frameborder=\"no\" allow=\"autoplay\" src=\"https:\/\/w.soundcloud.com\/player\/?url=https%3A\/\/api.soundcloud.com\/playlists\/636548220&#038;color=%23ff5500&#038;auto_play=false&#038;hide_related=false&#038;show_comments=true&#038;show_user=true&#038;show_reposts=false&#038;show_teaser=true&#038;visual=true\"><\/iframe><\/div>\n<\/div>\n<\/div>\n<\/div>\n<div class=\"post\">\n<h2 class=\"title\"><a name=\"100\"><\/a><span style=\"color: #003300;\"><em><strong> Koncerti 2015.<\/strong><\/em><\/span><\/h2>\n<div class=\"entry\">\n<p><a name=\"77\"><\/a><\/p>\n<h5 class=\"toggle\"><a href=\"#\">Koncert polaznika 10.8. 2015., Crkva Sv.Frane<\/a><\/h5>\n<div class=\"toggle-content\">\n<div class=\"block\"><iframe width=\"100%\" height=\"450\" scrolling=\"no\" frameborder=\"no\" \n\nsrc=\"https:\/\/w.soundcloud.com\/player\/?url=https%3A\/\/api.soundcloud.com\/playlists\/136872882&amp;auto_play=false&amp;hide_related=false&amp;sho\n\nw_comments=true&amp;show_user=true&amp;show_reposts=false&amp;visual=true\"><\/iframe><\/div>\n<\/div>\n<p><a name=\"101\"><\/a><\/p>\n<h5 class=\"toggle\"><a href=\"#\">Koncert polaznika 11. 8. 2015, Crkva Sv.Frane<\/a><\/h5>\n<div class=\"toggle-content\">\n<div class=\"block\"><iframe width=\"100%\" height=\"450\" scrolling=\"no\" frameborder=\"no\" \n\nsrc=\"https:\/\/w.soundcloud.com\/player\/?url=https%3A\/\/api.soundcloud.com\/playlists\/137260726&amp;auto_play=false&amp;hide_related=false&amp;sho\n\nw_comments=true&amp;show_user=true&amp;show_reposts=false&amp;visual=true\"><\/iframe><\/div>\n<\/div>\n<\/div>\n<\/div>\n<div class=\"post\">\n<h2 class=\"title\"><a name=\"100\"><\/a><span style=\"color: #003300;\"><em><strong> Koncerti 2014.<\/strong><\/em><\/span><\/h2>\n<div class=\"entry\">\n<p><a name=\"200\"><\/a><\/p>\n<h5 class=\"toggle\"><a href=\"#\">Koncert polaznika,11. 8. 2014 Crkva Sv.Frane<\/a><\/h5>\n<div class=\"toggle-content\">\n<div class=\"block\"><iframe width=\"100%\" height=\"450\" scrolling=\"no\" frameborder=\"no\" \n\nsrc=\"https:\/\/w.soundcloud.com\/player\/?url=https%3A\/\/api.soundcloud.com\/playlists\/50587852&amp;auto_play=false&amp;hide_related=false&amp;show\n\n_comments=true&amp;show_user=true&amp;show_reposts=false&amp;visual=true\"><\/iframe><\/div>\n<\/div>\n<p><a name=\"201\"><\/a><\/p>\n<h5 class=\"toggle\"><a href=\"#\">Koncert polaznika,12. 8. 2014. Crkva Sv.Frane<\/a><\/h5>\n<div class=\"toggle-content\">\n<div class=\"block\"><iframe width=\"100%\" height=\"450\" scrolling=\"no\" frameborder=\"no\" \n\nsrc=\"https:\/\/w.soundcloud.com\/player\/?url=https%3A\/\/api.soundcloud.com\/playlists\/51286523&amp;auto_play=false&amp;hide_related=false&amp;show\n\n_comments=true&amp;show_user=true&amp;show_reposts=false&amp;visual=true\"><\/iframe><\/div>\n<\/div>\n<\/div>\n<\/div>\n<div class=\"post\">\n<h2 class=\"title\"><a name=\"100\"><\/a><span style=\"color: #003300;\"><em><strong> Koncerti 2013.<\/strong><\/em><\/span><\/h2>\n<div class=\"entry\">\n<p><a name=\"1\"><\/a><\/p>\n<h5 class=\"toggle\"><a href=\"#\">Borna Bari\u0161i\u0107, Crkva Sv.Duh<\/a><\/h5>\n<div class=\"toggle-content\">\n<div class=\"block\"><a href=\"https:\/\/organum.hr\/wp-content\/uploads\/2013\/09\/BORNA-BARI\u0160I\u0106.jpg\"><img \n\nclass=\"alignnone  wp-image-6875\" style=\"border: 1px solid black;\" alt=\"BORNA BARI\u0160I\u0106\" \n\nsrc=\"https:\/\/organum.hr\/wp-content\/uploads\/2013\/09\/BORNA-BARI\u0160I\u0106.jpg\" width=\"216\" height=\"156\" srcset=\"https:\/\/organum.hr\/wp-content\/uploads\/2013\/09\/BORNA-BARI\u0160I\u0106.jpg 600w, https:\/\/organum.hr\/wp-content\/uploads\/2013\/09\/BORNA-BARI\u0160I\u0106-150x108.jpg 150w, https:\/\/organum.hr\/wp-content\/uploads\/2013\/09\/BORNA-BARI\u0160I\u0106-300x216.jpg 300w\" sizes=\"(max-width: 216px) 100vw, 216px\" \/><\/a><iframe \n\nsrc=\"https:\/\/w.soundcloud.com\/player\/?url=http%3A%2F%2Fapi.soundcloud.com%2Fplaylists%2F11012425\" height=\"450\" width=\"100%\" \n\nframeborder=\"no\" scrolling=\"no\"><\/iframe>Borna Bari\u0161i\u0107, je osnovno i srednjo\u0161kolsko obrazovanje stekla u glazbenoj \u0161koli \u00abJosip Hatze\u00bb u Splitu u klasi <\/p>\n<p>profesorice Gordane Lenti\u0107. Nakon zavr\u0161etka srednjeg glazbenog obrazovanja upisuje Muzi\u010dku akademiju u Zagrebu. Godine 2001. diplomirala je orgulje u <\/p>\n<p>klasi profesorice Ljerke O\u010di\u0107. Nakon diplome upisuje studij \u010dembala i magisterij orgulja , te 2004. godine magistrira orgulje u klasi prof. Marija Penzara i <\/p>\n<p>diplomira \u010dembalo u klasi prof. Vi\u0161nje Ma\u017euran.<\/p>\n<p>Usavr\u0161avala se na seminarima kod profesora M. Penzara, A. Klobu\u010dara, N.Imbri\u0161ak, J. Tuma, S. Szatmarya, J. L. G. Uriola i Cummingsa.<\/p>\n<p>Sudjelovala je na festivalima Orgulje Heferer, Omi\u0161ko ljeto, Dani Orgulja u Istri, te EstasMusica i na sesminarimaOrguja\u0161ke ljetne \u0161kole u \u0160ibeniku. <\/p>\n<p>Odr\u017eala je niz samostalnih i komornih koncerata u Hrvatskoj, Italiji, Sloveniji, Austriji i Poljskoj.<\/p>\n<p>Stalno je zaposlena u glazbenoj \u0161koli \u00abJosip Hatze\u00bb u Splitu i suradnica je Umjetni\u010dke akademije u Splitu.<\/p><\/div>\n<\/div>\n<p><a name=\"2\"><\/a><\/p>\n<h5 class=\"toggle\"><a href=\"#\">Polaznici, Crkva Sv.Frane<\/a><\/h5>\n<div class=\"toggle-content\">\n<div class=\"block\"><iframe \n\nsrc=\"https:\/\/w.soundcloud.com\/player\/?url=http%3A%2F%2Fapi.soundcloud.com%2Fplaylists%2F10835911\" height=\"450\" width=\"100%\" \n\nframeborder=\"no\" scrolling=\"no\"><\/iframe><\/div>\n<\/div>\n<p><a name=\"3\"><\/a><\/p>\n<h5 class=\"toggle\"><a href=\"#\">Polaznici, Katedrala Sv. Jakov<\/a><\/h5>\n<div class=\"toggle-content\">\n<div class=\"block\"><iframe \n\nsrc=\"https:\/\/w.soundcloud.com\/player\/?url=http%3A%2F%2Fapi.soundcloud.com%2Fplaylists%2F10251769\" height=\"450\" width=\"100%\" \n\nframeborder=\"no\" scrolling=\"no\"><\/iframe><\/div>\n<\/div>\n<p><a name=\"4\"><\/a><\/p>\n<h5 class=\"toggle\"><a href=\"#\">Tina Guberina i Katarina Bernik, Sv. Frane<\/a><\/h5>\n<div class=\"toggle-content\">\n<div class=\"block\"><iframe \n\nsrc=\"https:\/\/w.soundcloud.com\/player\/?url=http%3A%2F%2Fapi.soundcloud.com%2Fplaylists%2F5313716\" height=\"450\" width=\"100%\" \n\nframeborder=\"no\" scrolling=\"no\"><\/iframe><\/div>\n<\/div>\n<\/div>\n<\/div>\n<div class=\"post\">\n<h2 class=\"title\"><a name=\"200\"><\/a><em><strong> Koncerti 2012.<\/strong><\/em><\/h2>\n<div class=\"entry\">\n<p><a name=\"10\"><\/a><\/p>\n<h5 class=\"toggle\"><a href=\"#\">Polaznici u Katedrali sv. Jakova<\/a><\/h5>\n<div class=\"toggle-content\">\n<div class=\"block\"><object width=\"100%\" height=\"350\"  \n\n classid=\"clsid:d27cdb6e-ae6d-11cf-96b8-444553540000\" \n\ncodebase=\"http:\/\/download.macromedia.com\/pub\/shockwave\/cabs\/flash\/swflash.cab#version=6,0,40,0\"><param name=\"allowscriptaccess\"  \n\n value=\"always\" \/><param name=\"src\"  \n\n value=\"https:\/\/player.soundcloud.com\/player.swf?url=http%3A%2F%2Fapi.soundcloud.com%2Fplaylists%2F2678348&amp;show_comments=true&amp;\n\nauto_play=false&amp;show_playcount=true&amp;show_artwork=true&amp;color=bcdaf5\" \/><embed width=\"100%\" height=\"350\"  \n\n type=\"application\/x-shockwave-flash\" \n\nsrc=\"https:\/\/player.soundcloud.com\/player.swf?url=http%3A%2F%2Fapi.soundcloud.com%2Fplaylists%2F2678348&amp;show_comments=true&amp;au\n\nto_play=false&amp;show_playcount=true&amp;show_artwork=true&amp;color=bcdaf5\" allowscriptaccess=\"always\" \/><\/object> <\/div>\n<\/div>\n<p><a name=\"11\"><\/a><\/p>\n<h5 class=\"toggle\"><a href=\"#\">Polaznici u Crkvi Sv.Frane<\/a><\/h5>\n<div class=\"toggle-content\">\n<div class=\"block\"><iframe \n\nsrc=\"http:\/\/w.soundcloud.com\/player\/?url=http%3A%2F%2Fapi.soundcloud.com%2Fplaylists%2F2602677&amp;auto_play=false&amp;show_artwork=tru\n\ne&amp;color=bcdaf5\" height=\"450\" width=\"100%\" frameborder=\"no\" scrolling=\"no\"><\/iframe><\/div>\n<\/div>\n<p><a name=\"12\"><\/a><\/p>\n<h5 class=\"toggle\"><a href=\"#\">Tihana Strancari\u0107, Leila Basleti\u0107, Tina Banovac i Katarina Bernik<\/a><\/h5>\n<div class=\"toggle-content\">\n<div class=\"block\"><iframe \n\nsrc=\"http:\/\/w.soundcloud.com\/player\/?url=http%3A%2F%2Fapi.soundcloud.com%2Fplaylists%2F2022465&amp;auto_play=false&amp;show_artwork=tru\n\ne&amp;color=003eff\" height=\"450\" width=\"100%\" frameborder=\"no\" scrolling=\"no\"><\/iframe><\/div>\n<\/div>\n<p><a name=\"13\"><\/a><\/p>\n<h5 class=\"toggle\"><a href=\"#\">Ansambl Symblema<\/a><\/h5>\n<div class=\"toggle-content\">\n<div class=\"block\"><iframe \n\nsrc=\"https:\/\/w.soundcloud.com\/player\/?url=http%3A%2F%2Fapi.soundcloud.com%2Fplaylists%2F2678609%3Fsecret_token%3Ds-uYckf\" height=\"450\" \n\nwidth=\"100%\" frameborder=\"no\" scrolling=\"no\"><\/iframe><\/div>\n<\/div>\n<\/div>\n<\/div>\n<div class=\"post\">\n<h2 class=\"title\"><a name=\"300\"><\/a><span style=\"color: #003300;\"><em><strong> Koncerti 2011.<\/strong><\/em><\/span><\/h2>\n<div class=\"entry\">\n<p><a name=\"20\"><\/a><\/p>\n<h5 class=\"toggle\"><a href=\"#\">Ljerka O\u010di\u0107, Crkva sv. Duha<\/a><\/h5>\n<div class=\"toggle-content\">\n<div class=\"block\"><object width=\"100%\" height=\"285\"  \n\n classid=\"clsid:d27cdb6e-ae6d-11cf-96b8-444553540000\" \n\ncodebase=\"http:\/\/download.macromedia.com\/pub\/shockwave\/cabs\/flash\/swflash.cab#version=6,0,40,0\"><param name=\"allowscriptaccess\"  \n\n value=\"always\" \/><param name=\"src\"  \n\n value=\"https:\/\/player.soundcloud.com\/player.swf?url=http%3A%2F%2Fapi.soundcloud.com%2Fplaylists%2F1335457&amp;show_comments=true&amp;\n\nauto_play=false&amp;show_playcount=true&amp;show_artwork=true&amp;color=25528d\" \/><embed width=\"100%\" height=\"285\"  \n\n type=\"application\/x-shockwave-flash\" \n\nsrc=\"https:\/\/player.soundcloud.com\/player.swf?url=http%3A%2F%2Fapi.soundcloud.com%2Fplaylists%2F1335457&amp;show_comments=true&amp;au\n\nto_play=false&amp;show_playcount=true&amp;show_artwork=true&amp;color=25528d\" allowscriptaccess=\"always\" \/><\/object> <span><a \n\nhref=\"http:\/\/soundcloud.com\/organum-1\/sets\/ljerka-ocic-u-crkvi-sv-duha\">Ljerka Ocic u Crkvi sv. Duha &#8211; Sibenik 2011<\/a> by <a \n\nhref=\"http:\/\/soundcloud.com\/organum-1\">Organum<\/a><\/span><\/div>\n<\/div>\n<p><a name=\"21\"><\/a><\/p>\n<h5 class=\"toggle\"><a href=\"#\">Edmund Boric i Marin Zokic<\/a><\/h5>\n<div class=\"toggle-content\">\n<div class=\"block\"><object width=\"100%\" height=\"225\"  \n\n classid=\"clsid:d27cdb6e-ae6d-11cf-96b8-444553540000\" \n\ncodebase=\"http:\/\/download.macromedia.com\/pub\/shockwave\/cabs\/flash\/swflash.cab#version=6,0,40,0\"><param name=\"allowscriptaccess\"  \n\n value=\"always\" \/><param name=\"src\"  \n\n value=\"https:\/\/player.soundcloud.com\/player.swf?url=http%3A%2F%2Fapi.soundcloud.com%2Fplaylists%2F1335053&amp;show_comments=false&#038;amp\n\n;auto_play=false&amp;show_playcount=true&amp;show_artwork=true&amp;color=1062a2\" \/><embed width=\"100%\" height=\"225\"  \n\n type=\"application\/x-shockwave-flash\" \n\nsrc=\"https:\/\/player.soundcloud.com\/player.swf?url=http%3A%2F%2Fapi.soundcloud.com%2Fplaylists%2F1335053&amp;show_comments=false&amp;a\n\nuto_play=false&amp;show_playcount=true&amp;show_artwork=true&amp;color=1062a2\" allowscriptaccess=\"always\" \/><\/object> <span><a \n\nhref=\"http:\/\/soundcloud.com\/organum-1\/sets\/edmund-boric-i-marin-zokic\">Edmund Boric i Marin Zokic &#8211; koncert za trubu i orgulje Sibenik 2011<\/a> by <a \n\nhref=\"http:\/\/soundcloud.com\/organum-1\">Organum<\/a><\/span><\/div>\n<\/div>\n<p><a name=\"22\"><\/a><\/p>\n<h5 class=\"toggle\"><a href=\"#\">Ana Beni\u0107 i Pavao Ma\u0161i\u0107<\/a><\/h5>\n<div class=\"toggle-content\">\n<div class=\"block\"><object width=\"100%\" height=\"285\" classid=\"clsid:d27cdb6e-ae6d-11cf-96b8-444553540000\"  \n\n codebase=\"http:\/\/download.macromedia.com\/pub\/shockwave\/cabs\/flash\/swflash.cab#version=6,0,40,0\"><param name=\"allowscriptaccess\"  \n\n value=\"always\" \/><param name=\"src\"  \n\n value=\"https:\/\/player.soundcloud.com\/player.swf?url=http%3A%2F%2Fapi.soundcloud.com%2Fplaylists%2F1387772&amp;show_comments=true&amp;\n\nauto_play=false&amp;show_playcount=true&amp;show_artwork=true&amp;color=25588d\" \/><embed width=\"100%\" height=\"285\"  \n\n type=\"application\/x-shockwave-flash\" \n\nsrc=\"https:\/\/player.soundcloud.com\/player.swf?url=http%3A%2F%2Fapi.soundcloud.com%2Fplaylists%2F1387772&amp;show_comments=true&amp;au\n\nto_play=false&amp;show_playcount=true&amp;show_artwork=true&amp;color=25588d\" allowscriptaccess=\"always\" \/><\/object> <span><a \n\nhref=\"http:\/\/soundcloud.com\/organum-1\/sets\/ana-beni-i-pavao-ma-i-flauta-i\">Ana Beni\u0107 i Pavao Ma\u0161i\u0107: Flauta i orgulje u Crkvi sv. Duha u \u0160ibeniku<\/a> by <\/p>\n<p><a href=\"http:\/\/soundcloud.com\/organum-1\">Organum<\/a><\/span><\/div>\n<\/div>\n<\/div>\n<\/div>\n<div class=\"post\">\n<h2 class=\"title\"><span style=\"color: #003300;\"> <em><strong>1995<a name=\"400\"><\/a><\/strong><\/em>.<\/span><\/h2>\n<div class=\"entry\">\n<h5 class=\"toggle\"><a href=\"#\">Petar Naki\u0107 Redivivus &#8230;&#8230;&#8230;&#8230; Orgulje, Mario Penzar<\/a><\/h5>\n<div class=\"toggle-content\">\n<div class=\"block\"><object width=\"100%\" height=\"360\"  \n\n classid=\"clsid:d27cdb6e-ae6d-11cf-96b8-444553540000\" \n\ncodebase=\"http:\/\/download.macromedia.com\/pub\/shockwave\/cabs\/flash\/swflash.cab#version=6,0,40,0\"><param name=\"allowscriptaccess\"  \n\n value=\"always\" \/><param name=\"src\"  \n\n value=\"https:\/\/player.soundcloud.com\/player.swf?url=http%3A%2F%2Fapi.soundcloud.com%2Fplaylists%2F1406075&amp;show_comments=false&#038;amp\n\n;auto_play=false&amp;show_playcount=true&amp;show_artwork=true&amp;color=25588d\" \/><embed width=\"100%\" height=\"360\"  \n\n type=\"application\/x-shockwave-flash\" \n\nsrc=\"https:\/\/player.soundcloud.com\/player.swf?url=http%3A%2F%2Fapi.soundcloud.com%2Fplaylists%2F1406075&amp;show_comments=false&amp;a\n\nuto_play=false&amp;show_playcount=true&amp;show_artwork=true&amp;color=25588d\" allowscriptaccess=\"always\" \/><\/object> <span><a \n\nhref=\"http:\/\/soundcloud.com\/organum-1\/sets\/girolamo-frescobaldi-per-la\">Petar Naki\u0107 Redivivus: Talijanski barok na orguljama hrvatskog majstora.<\/a> <\/p>\n<p>by <a href=\"http:\/\/soundcloud.com\/organum-1\">Organum<\/a><\/span><\/div>\n<\/div>\n<\/div>\n<\/div>\n<div style=\"clear: both;\"><\/div>\n<\/div>\n<p><!-- end #content --><\/p>\n<div id=\"sidebar\">\n<ul>\n<li>\n<h4>Najstarije sa\u010duvane orgulje u Hrvatskoj, 1640.<\/h4>\n<p><a href=\"https:\/\/organum.hr\/wp-content\/uploads\/2013\/09\/Sveti-1.jpg\"><img loading=\"lazy\" class=\"alignnone size-full wp-image-7137\" style=\"border: 1px solid black;\" \n\nalt=\"Sveti 1\" src=\"https:\/\/organum.hr\/wp-content\/uploads\/2013\/09\/Sveti-1.jpg\" width=\"200\" height=\"98\" srcset=\"https:\/\/organum.hr\/wp-content\/uploads\/2013\/09\/Sveti-1.jpg 200w, https:\/\/organum.hr\/wp-content\/uploads\/2013\/09\/Sveti-1-150x73.jpg 150w\" sizes=\"(max-width: 200px) 100vw, 200px\" \/><\/a>Lupinijeve orgulje,Crkva Sv. Duha.<\/li>\n<li>\n<h2><span style=\"color: #000000;\"><a href=\"#100\"><span style=\"color: #000000;\">2015.<\/span><\/a><\/span><\/h2>\n<ul>\n<li><a href=\"#77\">Polaznika,Crkva Sv.Frane<\/a><\/li>\n<li><a href=\"#101\">Polaznici, Crkva Sv.Frane<\/a><\/li>\n<\/ul>\n<\/li>\n<li>\n<h2><span style=\"color: #000000;\"><a href=\"#100\"><span style=\"color: #000000;\">2014.<\/span><\/a><\/span><\/h2>\n<ul>\n<li><a href=\"#200\">Polaznika,Crkva Sv.Frane<\/a><\/li>\n<li><a href=\"#201\">Polaznici, Crkva Sv.Frane<\/a><\/li>\n<\/ul>\n<\/li>\n<li>\n<h2><span style=\"color: #000000;\"><a href=\"#100\"><span style=\"color: #000000;\">2013.<\/span><\/a><\/span><\/h2>\n<ul>\n<li><a href=\"#1\">Borna Bari\u0161i\u0107, Crkva Sv.Duh<\/a><\/li>\n<li><a href=\"#2\">Polaznici, Crkva Sv.Frane<\/a><\/li>\n<li><a href=\"#3\">Polaznici, Katedrala Sv. Jakov<\/a><\/li>\n<li><a href=\"#4\">Tina Guberina i Katarina Bernik, Sv. Frane<\/a><\/li>\n<li><a href=\"#\">.<\/a><\/li>\n<li><a href=\"#\">.<\/a><\/li>\n<\/ul>\n<\/li>\n<li>\n<h2><span style=\"color: #000000;\"><a href=\"#200\"><span style=\"color: #000000;\">2012.<\/span><\/a><\/span><\/h2>\n<ul>\n<li><a href=\"#10\">Polaznici u Katedrali sv. Jakova<\/a><\/li>\n<li><a href=\"#11\">Polaznici u Crkvi Sv.Frane<\/a><\/li>\n<li><a href=\"#12\">Tihana Strancari\u0107, Leila Basleti\u0107, Tina Banovac i Katarina Bernik<\/a><\/li>\n<li><a href=\"#13\">Ansambl Symblema<\/a><\/li>\n<li><a href=\"#\">.<\/a><\/li>\n<li><a href=\"#\">.<\/a><\/li>\n<\/ul>\n<\/li>\n<li>\n<h2><span style=\"color: #000000;\"><a href=\"#300\"><span style=\"color: #000000;\">2011.<\/span><\/a><\/span><\/h2>\n<ul>\n<li><a href=\"#20\">Ljerka O\u010di\u0107, Crkva sv. Duha<\/a><\/li>\n<li><a href=\"#21\">Edmund Boric i Marin Zokic<\/a><\/li>\n<li><a href=\"#22\">Ana Beni\u0107 i Pavao Ma\u0161i\u0107<\/a><\/li>\n<li><a href=\"#\">.<\/a><\/li>\n<li><a href=\"#\">.<\/a><\/li>\n<li><a href=\"#\">.<\/a><\/li>\n<\/ul>\n<\/li>\n<li>\n<h2>1995.<\/h2>\n<ul>\n<li><a href=\"#400\">1999.Petar Naki\u0107 Redivivus<\/a><\/li>\n<li><a href=\"#\">.<\/a><\/li>\n<li><a href=\"#\">.<\/a><\/li>\n<li><a href=\"#\">.<\/a><\/li>\n<li><a href=\"#\">.<\/a><\/li>\n<li><a href=\"#\">.<\/a><\/li>\n<\/ul>\n<\/li>\n<li>\n<h2>.<\/h2>\n<ul>\n<li><a href=\"#\">.<\/a><\/li>\n<li><a href=\"#\">.<\/a><\/li>\n<li><a href=\"#\">.<\/a><\/li>\n<li><a href=\"#\">.<\/a><\/li>\n<li><a href=\"#\">.<\/a><\/li>\n<li><a href=\"#\">.<\/a><\/li>\n<\/ul>\n<\/li>\n<\/ul>\n<\/div>\n<p><!-- end #sidebar --><\/p>\n<div style=\"clear: both;\"><\/div>\n<\/div>\n<p><!-- end #page --><\/p>\n<\/div>\n<\/div>\n","protected":false},"excerpt":{"rendered":"<p>Koncerti 2018. Koncerti 2015. Koncerti 2014. Koncerti 2013. Koncerti 2012. Koncerti 2011. 1995. Najstarije sa\u010duvane orgulje u Hrvatskoj, 1640. Lupinijeve orgulje,Crkva Sv. Duha. 2015. Polaznika,Crkva Sv.Frane Polaznici, Crkva Sv.Frane 2014. Polaznika,Crkva Sv.Frane Polaznici, Crkva Sv.Frane 2013. Borna Bari\u0161i\u0107, Crkva Sv.Duh Polaznici, Crkva Sv.Frane Polaznici, Katedrala Sv. Jakov Tina Guberina i Katarina Bernik, Sv. Frane . [&#038;hellip<\/p>\n","protected":false},"author":2,"featured_media":0,"parent":0,"menu_order":0,"comment_status":"closed","ping_status":"closed","template":"fullwidth.php","meta":[],"_links":{"self":[{"href":"https:\/\/organum.hr\/index.php\/wp-json\/wp\/v2\/pages\/7526"}],"collection":[{"href":"https:\/\/organum.hr\/index.php\/wp-json\/wp\/v2\/pages"}],"about":[{"href":"https:\/\/organum.hr\/index.php\/wp-json\/wp\/v2\/types\/page"}],"author":[{"embeddable":true,"href":"https:\/\/organum.hr\/index.php\/wp-json\/wp\/v2\/users\/2"}],"replies":[{"embeddable":true,"href":"https:\/\/organum.hr\/index.php\/wp-json\/wp\/v2\/comments?post=7526"}],"version-history":[{"count":116,"href":"https:\/\/organum.hr\/index.php\/wp-json\/wp\/v2\/pages\/7526\/revisions"}],"predecessor-version":[{"id":11403,"href":"https:\/\/organum.hr\/index.php\/wp-json\/wp\/v2\/pages\/7526\/revisions\/11403"}],"wp:attachment":[{"href":"https:\/\/organum.hr\/index.php\/wp-json\/wp\/v2\/media?parent=7526"}],"curies":[{"name":"wp","href":"https:\/\/api.w.org\/{rel}","templated":true}]}}